me?
True
Suppose 0 = -2*v + 1531 + 881. Is ((-2)/6)/((-6)/v) composite?
False
Let b be (-6)/(-8) + 217/4. Suppose -4*k + 283 = k - 2*j, 0 = -k + 2*j + b. Is k a prime number?
False
Let c(k) = k**3 + 3*k**2 + 3*k + 8. Let q(y) = 5*y**3 + 12*y**2 + 13*y + 33. Let v(m) = -9*c(m) + 2*q(m). Is v(5) prime?
False
Let g = 88 - 3. Suppose -g = -5*t - 5*f, -3*t - f + 62 = 15. Is t a composite number?
True
Is (-6)/(-8) - 12108/(-48) a composite number?
True
Let h = 2725 + -568. Is h a composite number?
True
Let m = -483 - -962. Is m a composite number?
False
Let k(i) = i - 16. Let d be k(8). Let y(r) = r**3 + 8*r**2 - r + 2. Is y(d) a prime number?
False
Is -3*4/(-60) + (-248)/(-10) a prime number?
False
Suppose -z - 2*c + 805 = 0, 7*c = 2*z + 4*c - 1582. Is z prime?
True
Suppose 0 = 6*f - 3*f - 36. Suppose 2*c + u - 6 = -c, -2*u - f = -2*c. Is 8 + (-2)/(-3)*c prime?
False
Let b = -1 + 6. Suppose b*o - o = 476. Is o a prime number?
False
Let p(m) = 7*m**2 - 4*m + 3. Suppose 2*x - 6 = -x. Is p(x) a composite number?
False
Suppose 2*q - 191 = -37. Let l = -46 + q. Is l a composite number?
False
Suppose 8*i - 5862 = 2*i. Is i a prime number?
True
Let q(r) = 9*r**2 - 2*r - 1. Let g(y) = -y**3 - 17*y**2 - 16*y + 2. Let t be g(-16). Is q(t) a composite number?
False
Let i = -6 - -2. Let n(y) = 6*y - 4. Let a(j) = -7*j + 5. Let w(p) = i*n(p) - 3*a(p). Is w(-6) a prime number?
True
Let h = 4518 + -805. Is h a composite number?
True
Suppose h = 6*h - 2*v - 2118, 0 = 3*v + 12. Is h prime?
False
Suppose -3*j - 81 = -i, 3*i + 4*j - 282 = -0*i. Let d = 159 - i. Is d prime?
False
Let x = 15 - 13. Is (x + -1)*124 + 3 a prime number?
True
Let k be -3 + (-2 - (-1 + -2)). Is ((-3)/(-6))/(k/(-100)) a composite number?
True
Suppose -8 = -3*r + r. Let k = 539 - 354. Suppose -q - r*q + k = 0. Is q prime?
True
Let n(d) = -d + 2. Let v be n(6). Let y be (-22)/(-5) - v/(-10). Suppose -4*m = -y*u + 634 - 114, -4*u - m + 525 = 0. Is u a composite number?
False
Suppose 0 = 2*v + 5*n + 161 - 776, -2*v - 4*n = -610. Is v a prime number?
False
Suppose -7*z + 4475 = -2*z. Is z prime?
False
Let u = -12 - -13. Is (-3 - -3) + 124 - u a composite number?
True
Is 7*(19605/35 + -2) a composite number?
False
Let l(i) = -8*i - 7 + 29*i + 5 + 10*i. Suppose 0 = 3*z - 2*z - 3. Is l(z) prime?
False
Let i be (-2)/(-5) - 1198/(-5). Suppose m + 5*d + 0*d - 36 = 0, -5*d = 5*m - i. Is m composite?
True
Let z(s) = s**3 - 13*s**2 + 15*s - 2. Let m be (54/(-24))/(3/(-16)). Is z(m) a composite number?
True
Suppose h - 2*z + 8 = 0, 3*h - 3*z + 8 = -1. Let f(n) = 7*n**3 - 3*n**2 + 4*n - 3. Is f(h) composite?
True
Let c = 3 - 2. Let i(d) = 13*d**3 + 2*d**2 - d. Is i(c) a prime number?
False
Is 2*2 + 83790/30 prime?
True
Suppose -542 = 3*y - 221. Let l = -70 - y. Is l a prime number?
True
Let g = 1107 + -688. Is g prime?
True
Let v be (6/(-7))/(1/(-14)). Suppose 2*u + v = -5*y - 2, -5*u - 2*y = 14. Is (u - 0 - 5)*-2 a composite number?
True
Suppose -3*r - 2*r - 5*y = -4940, 4*r - 3912 = 4*y. Is r composite?
False
Let a = 1554 - 997. Is a prime?
True
Let a(v) = 2*v + 2. Let c be a(-6). Let t(y) = y**2 + 5*y - 12. Is t(c) prime?
False
Suppose 7*n = -n + 1688. Is n a composite number?
False
Let f(p) = p**2 - 3. Let b be f(-3). Suppose -b*n + 4 = -4*n. Suppose -121 = -x + 5*i, 0 = n*i + 3*i - 10. Is x a composite number?
False
Is 2/(-6) - (-3)/((-45)/(-1640)) composite?
False
Suppose -3*c = 2*d - 7*d + 5, -45 = 4*c + d. Is ((-614)/5)/(4/c) a composite number?
False
Suppose 16 = 5*y - 4. Suppose 3*z = y*h + 2*z - 208, -z = -4. Is h a composite number?
False
Let x(l) = -253*l + 8. Is x(-7) a prime number?
False
Suppose -3*n - 419 = -y, -5*y + 0*n - n + 2031 = 0. Is y a prime number?
False
Let o = 16 + -11. Let i(v) = 4*v**2 - 2*v + 2. Let s be i(o). Suppose -z + s = 3*z. Is z a composite number?
False
Let m be ((-4)/(-10))/((-3)/15). Is (m/3)/(24/(-5652)) composite?
False
Let h(u) = -u**3 + 4*u**2 + 6*u - 4. Let x be h(5). Is 73 + x - (-1 - -1) a composite number?
True
Suppose 0 = -5*q - 20, -12 = -2*y - 2*q - 28. Is (y - -230) + (-5 - -2) a prime number?
True
Let w(b) = -8*b**2 - 4*b + 7. Let q be w(-6). Let n = q + 456. Is n prime?
True
Suppose 4*d - 16 = -5*a, -5*d + 10 = -3*d + 3*a. Let u = d + 2. Suppose -p = -4*n - 17, 1 = -2*n - u. Is p a composite number?
False
Let s = -1 + 1. Suppose s = 5*g - 112 - 63. Suppose 0*y + g = y. Is y prime?
False
Suppose -4197 = -8*i + 5*i. Is i a composite number?
False
Let f(b) = 14*b**2 + 7. Is f(-3) a composite number?
True
Suppose -2*j - h + 4 = -j, 0 = -j - 5*h. Suppose -23 = j*w + 27. Is (-291)/(-5) - (-2)/w a composite number?
True
Let h = 0 - 0. Suppose -2*j = 5*b - 0 - 5, 4*j - 24 = 4*b. Suppose -2*g = -4*g + 3*s + 42, 2*g + j*s - 42 = h. Is g a prime number?
False
Suppose 0 = 2*v - v - 338. Let o = v - 211. Is o prime?
True
Suppose -5*c = -c - 8. Suppose -84 = -4*n - d, -42 = -2*n - c*d - 0*d. Is n a composite number?
True
Suppose -x - c + 30 = 0, -2*x + 5*c = c - 66. Is x prime?
True
Suppose 6*x - 16 = 2*x. Suppose 5*k - 4*p = 36, -3*k - p + x = -4. Suppose 7*a - 55 = -k*q + 2*a, -12 = -4*a. Is q composite?
True
Let l(r) = r. Let p be l(-4). Let g be 1/4 - (-1)/p. Suppose g*n - 62 = -2*n. Is n composite?
False
Suppose 0 = -2*h + 3*x + 1055, -3*x = 4*h - 1523 - 560. Is h a composite number?
False
Let u be 24 - (-4 + 2) - 3. Suppose 3 - 1 = -2*c. Let y = c + u. Is y composite?
True
Let z be (3/(-5))/((-1)/5). Let v(g) = 91*g. Let j be v(3). Suppose z*o + h - j = 0, -4*h = o - 0*o - 91. Is o a composite number?
True
Let v be -3 - (2 + 274)/(-3). Suppose -v = -s + 74. Is s a prime number?
True
Let w(l) = -1 + 4 - 4*l**2 - l - 5 + 1. Let d be w(2). Let b = 41 + d. Is b a prime number?
False
Let q = -143 - -292. Is q a composite number?
False
Suppose -p + 2*u - 41 = 3*u, 3*p - 3*u + 111 = 0. Let j = -13 - p. Is j prime?
False
Is (-4)/3 + 14945/15 a prime number?
False
Let o = 294 - 107. Is o a prime number?
False
Suppose -11 = -3*g + 13. Suppose -3*f - 255 = -g*f. Is f composite?
True
Suppose 0 = b - 137 - 24. Is b a composite number?
True
Let h(a) = 6*a - 6*a**2 + 0*a + 1 + a**3 + 1. Let p be h(5). Let d(n) = n**2 - 7*n + 7. Is d(p) composite?
False
Let v = 391 - -242. Is v a prime number?
False
Suppose 2*v + 2*j = 6*j + 14, 3*j + 30 = -5*v. Let d(p) = 3 + p + 2*p**2 - 4*p**2 + 3*p**2. Is d(v) a composite number?
True
Let t(d) = -6408*d**2 + d - 2. Let a be t(1). Is 2/2*a/(-17) a prime number?
False
Let v be 366/10 - (-4)/10. Let z = v - 12. Let h = 88 + z. Is h a prime number?
True
Let k be 89 + 3/6*-4. Suppose -k = -2*a - 0*a + 5*s, -46 = -a + 3*s. Is a composite?
False
Let m = -98 - -201. Is m a composite number?
False
Suppose -5*p - 610 = -3*w, -5*w - p + 64 + 962 = 0. Is w a prime number?
False
Let k(u) = 3*u - 14. Let o(l) = -l + 5. Let a(b) = 4*k(b) + 11*o(b). Let m be a(7). Is (-4)/m - 77/(-3) a prime number?
False
Let c(g) = g + 0*g + 0 + 2*g - 3. Let q be c(6). Suppose 3*p - q = -2*p. Is p prime?
True
Let q be 2*(5 - 2 - -11). Is 3*(-3)/(-18)*q a composite number?
True
Let m(y) = 1657*y**3 - 3*y**2 + 5*y - 2. Is m(1) a composite number?
False
Suppose 2*c + 0*c - 1218 = 0. Suppose -3*j + c = 138. Is j prime?
True
Let u(a) = 2*a + 179. Is u(0) a composite number?
False
Let d be (-12)/(-3)*3/(-4). Let w = d - -7. Suppose -w*a + 4*p = -44, 2*a = -3*p + p + 22. Is a composite?
False
Let l = -4 + 10. Let q(t) = -t**3 - t - 5. Let j be q(0). Is (j - -8)*74/l a prime number?
True
Is (-71112)/(-48) + 3/2 composite?
False
Let d be (-2 - (-2 + -29))/1. Suppose 0 = -2*u + 5*l - 22, l - 7 = -4*u - d. Is ((-2)/u)/(2/186) prime?
True
Suppose -4*g = w - 1355, -2*g = 2*w + 128 - 810. Suppose -2*p - 3*u + 147 = -p, 2*p = 5*u + g. Is p a composite number?
True
Let t = -564 + 1038. Let x = t + 157. Is x a prime number?
True
Let j = -5 + 8. Suppose 4*s + j*x = -0*x + 112, -4*x + 16 = 0. Is s a composite number?
True
Let m = -662 + 1084. Is m a composite number?
True
Let a(r) = r + 1. Let w(q) = q**2 + 11*q + 8. Let t(y) = -4*a(y) + w(y). Let i be t(-5). Is 342/i*(-1)/3 composite?
False
Is -3 - (4 + (3 - 317)) prime?
True
Let q = 87 - -200. Is q a prime number?
False
Suppose 1041 = 5*t - 2*b, 0*b - 205 = -t + 2*b. Is t prime?
False
Let p(u) = u**2 + 2*u + 3. Let q be p(-2). Is 1